9185?
True
Is 272281901 a multiple of 419?
False
Is 93346387 a multiple of 45?
False
Does 74 divide 52736407?
False
Is 11 a factor of 17073463?
True
Is 52152600 a multiple of 10?
True
Is 43015847 a multiple of 4817?
False
Is 241442309 a multiple of 435?
False
Is 15 a factor of 470197311?
False
Is 549692541 a multiple of 27?
True
Is 25798850 a multiple of 550?
True
Is 35925622 a multiple of 21?
False
Does 57 divide 119645543?
False
Is 1248 a factor of 76836045?
False
Is 6980524 a multiple of 2473?
False
Is 229 a factor of 16860630?
False
Is 5617703 a multiple of 738?
False
Is 60 a factor of 13172589?
False
Is 4 a factor of 295235558?
False
Is 18 a factor of 144868?
False
Is 1593 a factor of 11790921?
False
Is 44841865 a multiple of 1341?
False
Is 875 a factor of 21142625?
True
Is 149 a factor of 92679981?
False
Is 32 a factor of 3254945?
False
Is 97 a factor of 20201560?
False
Is 167 a factor of 216568837?
False
Is 106 a factor of 253417804?
True
Is 32687479 a multiple of 11?
True
Is 877715960 a multiple of 55?
True
Does 25 divide 21780500?
True
Is 9 a factor of 39237983?
False
Is 1272564 a multiple of 27?
True
Does 11 divide 3427652?
False
Does 21 divide 49891197?
False
Does 538 divide 65219050?
True
Is 8554486 a multiple of 82?
True
Does 63 divide 81973812?
False
Is 343 a factor of 1243530036?
True
Does 11 divide 344194809?
False
Is 1257448163 a multiple of 18?
False
Does 504 divide 168281525?
False
Does 724 divide 34221308?
True
Is 44022477 a multiple of 4?
False
Is 4204649 a multiple of 143?
False
Is 871711871 a multiple of 873?
False
Does 251 divide 1035198216?
False
Does 1361 divide 8873736332?
True
Does 7187 divide 340117588?
True
Does 3814 divide 6575336?
True
Is 2403 a factor of 648247698?
True
Does 19 divide 361292?
False
Does 666 divide 1761965604?
True
Is 328981743 a multiple of 1411?
False
Does 5151 divide 146936749?
False
Is 51 a factor of 12403710?
True
Is 2713 a factor of 54047945?
False
Is 3535533 a multiple of 8?
False
Is 107 a factor of 1791593234?
True
Is 396 a factor of 86461425?
False
Is 269 a factor of 32357810?
False
Is 3378728 a multiple of 26?
False
Is 1549 a factor of 8491618?
True
Is 23268325 a multiple of 85?
True
Is 178613689 a multiple of 4699?
True
Does 1781 divide 20164960?
False
Is 5 a factor of 6364660?
True
Is 725824232 a multiple of 28?
True
Is 6068978643 a multiple of 13?
True
Does 696 divide 38447736?
True
Does 1895 divide 22904814?
False
Is 320539772 a multiple of 1478?
True
Is 2 a factor of 235961920?
True
Is 2391639 a multiple of 68?
False
Is 62102150 a multiple of 287?
False
Is 12478608 a multiple of 292?
False
Does 2867 divide 3030980932?
True
Does 5 divide 284808456?
False
Is 673998656 a multiple of 9?
False
Does 35 divide 821943850?
True
Is 26 a factor of 2556866?
True
Is 49729082 a multiple of 26?
True
Is 6016 a factor of 3187330918?
False
Does 2859 divide 615988704?
True
Does 56 divide 106699321?
False
Does 459 divide 300177611?
False
Is 423614046 a multiple of 24?
False
Does 209 divide 615733068?
False
Is 8760643 a multiple of 321?
False
Does 51 divide 51623108?
False
Does 14 divide 656383700?
True
Is 85 a factor of 60467583?
False
Is 1850 a factor of 1135696049?
False
Does 776 divide 507272598?
False
Does 161 divide 15545591?
False
Does 62 divide 35317414?
False
Is 1374473758 a multiple of 14?
True
Is 519076692 a multiple of 1658?
True
Is 539537771 a multiple of 6015?
False
Is 30189078 a multiple of 5157?
True
Is 320 a factor of 340297578?
False
Is 21027163 even?
False
Does 586 divide 102129838?
True
Does 4 divide 55824305?
False
Is 103 a factor of 3503339?
True
Is 40070448 a multiple of 528?
True
Is 4963930 a multiple of 58?
True
Is 4010207065 a multiple of 70?
False
Is 2988 a factor of 37657764?
True
Is 10 a factor of 32067570?
True
Is 819369034 a multiple of 3189?
False
Is 4306685695 a multiple of 5184?
False
Is 46 a factor of 18545590?
True
Does 7443 divide 614474609?
False
Is 2309799 a multiple of 381?
False
Is 517697752 a multiple of 104?
True
Does 255 divide 97784721?
False
Is 99 a factor of 31877539?
False
Does 29 divide 2412655783?
True
Is 49904370 a multiple of 30?
True
Is 32 a factor of 12037242?
False
Is 248148128 a multiple of 8?
True
Is 294658560 a multiple of 3360?
True
Does 14 divide 812888461?
False
Does 2 divide 15814908?
True
Does 67 divide 16542367?
True
Does 36 divide 462464249?
False
Is 6 a factor of 13583780?
False
Is 2750 a factor of 1941707169?
False
Is 137 a factor of 42439460?
False
Is 15 a factor of 1353023445?
True
Does 13 divide 215349563?
True
Is 102 a factor of 37485000?
True
Is 106027630 a multiple of 619?
False
Does 8 divide 67022926?
False
Is 278284809 a multiple of 215?
False
Does 614 divide 23827224?
False
Is 32492460 a multiple of 260?
True
Is 31 a factor of 37831188?
False
Is 565 a factor of 863978225?
True
Is 489659756 a multiple of 167?
False
Does 638 divide 1317755824?
True
Is 19633215 a multiple of 35?
True
Is 79 a factor of 18790703?
True
Is 19 a factor of 215192176?
True
Is 48 a factor of 2927484163?
False
Is 27 a factor of 142372666?
False
Is 3 a factor of 128097869?
False
Does 152 divide 1209353164?
False
Does 1769 divide 85676976?
False
Does 339 divide 66872157?
True
Is 52436385 a multiple of 98?
False
Is 3474 a factor of 3651834060?
True
Is 4189755 a multiple of 21?
False
Is 125 a factor of 234980335?
False
Is 5291568 a multiple of 27?
True
Is 3544 a factor of 248342040?
False
Is 1638 a factor of 621357282?
True
Is 122 a factor of 314849839?
False
Is 15 a factor of 408424380?
True
Is 1615 a factor of 6981874330?
True
Is 538418082 a multiple of 145?
False
Is 190 a factor of 2094054505?
False
Is 38265058 a multiple of 26?
True
Is 9 a factor of 612798198?
False
Is 15 a factor of 7513170?
True
Is 106857865 a multiple of 8?
False
Is 72903874 a multiple of 19?
True
Is 6156152 a multiple of 76?
True
Does 682 divide 1613738852?
True
Is 4 a factor of 809967928?
True
Does 25 divide 366404293?
False
Is 21 a factor of 3832420698?
False
Is 8 a factor of 769206176?
True
Is 19 a factor of 156700239?
True
Is 2890944 a multiple of 96?
True
Does 12 divide 12660348?
True
Is 1069752330 a multiple of 15?
True
Is 97516813 a multiple of 2316?
False
Is 1735203 a multiple of 3179?
False
Is 1734 a factor of 3671162714?
False
Does 41 divide 1167823951?
True
Is 218641018 a multiple of 108?
False
Does 592 divide 38691713?
False
Is 853 a factor of 15144373?
False
Is 4 a factor of 3520212?
True
Does 326 divide 1911047188?
False
Is 783185 a multiple of 65?
True
Does 9 divide 3454141406?
False
Does 1620 divide 134897400?
True
Does 200 divide 5427600?
True
Does 160 divide 2818583724?
False
Is 5 a factor of 1928088798?
False
Does 3222 divide 159811200?
True
Is 232 a factor of 4342565328?
True
Is 146579490 a multiple of 2565?
True
Does 10 divide 10037069?
False
Does 26 divide 98423596?
False
Is 23703473 a multiple of 20?
False
Does 86 divide 262094202?
True
Does 510 divide 31413641?
False
Does 48 divide 41113979?
False
Is 6657 a factor of 551978469?
True
Does 565 divide 273497290?
True
Is 1642 a factor of 131401050?
True
Does 53 divide 30540886?
False
Does 617 divide 116813525?
True
Does 896 divide 118546323?
False
Is 5265441582 a multiple of 4974?
True
Is 52 a factor of 8316632?
False
Is 3332 a factor of 76782608?
True
Does 65 divide 63448190?
True
Does 1308 divide 979157028?
True
Is 912 a factor of 169644178?
False
Is 148694000 a multiple of 7000?
True
Does 89 divide 3157173605?
False
Is 41913500 a multiple of 524?
False
Is 32062006 a multiple of 75?
False
Does 191 divide 1001613719?
False
Does 288 divide 19736064?
True
Does 24 divide 58708535?
False
Is 48 a factor of 330839136?
True
Is 3 a factor of 72770?
False
Is 37944080 a multiple of 2360?
True
Is 163938379 a multiple of 3397?
False
Is 7 a factor of 374254118?
True
Does 34 divide 134935003?
False
Is 5284619676 a multiple of 516?
True
Is 2491609728 a multiple of 128?
True
Is 7 a factor of 201983954?
False
Does 49 divide 45792068?
True
Is 875 a factor of 107904125?
True
Is 1285070823 a multiple of 611?
False
Is 9 a factor of 17882152?
False
Does 1044 divide 136124947?
False
Is 104 a factor of 624520?
True
Is 1422 a factor of 31623858?
True
Does 2214 divide 1153431013?
False
Does 1576 divide 10446515?
False
Is 13 a factor o